{"id":263639,"date":"2024-04-02T08:00:53","date_gmt":"2024-04-02T07:00:53","guid":{"rendered":"https:\/\/dev.trust-softwares.com\/palomino\/produit\/vanessa-bruno-cabas-l-raphia-rose-fluo\/"},"modified":"2024-11-12T16:30:24","modified_gmt":"2024-11-12T15:30:24","slug":"vanessa-bruno-cabas-l-raphia-rose-fluo","status":"publish","type":"product","link":"https:\/\/dev.trust-softwares.com\/palomino\/produit\/vanessa-bruno-cabas-l-raphia-rose-fluo\/","title":{"rendered":"Vanessa Bruno &#8211; Cabas M RAPHIA Rose Fluo"},"content":{"rendered":"","protected":false},"excerpt":{"rendered":"<p><strong>Vanessa Bruno<\/strong> &#8211; Cabas M RAPHIA Rose Fluo, cabas en raphia et paillette, port\u00e9 main<\/p>\n<ul>\n<li>100% raphia<\/li>\n<li>mati\u00e8re secondaire 70% polyester, 30% acrylique<\/li>\n<\/ul>\n<p>Dimensions : 29 cm x 42 cm x 15 cm<\/p>\n<p>Hauteur anses : 14 cm<\/p>\n<p>Fabriqu\u00e9 \u00e0 Madagascar<\/p>\n<div class=\"et_pb_module et_pb_wc_description et_pb_wc_description_0_tb_body et_pb_bg_layout_light et_pb_text_align_left\">\n<div class=\"et_pb_module_inner\">\n<p>Chez Palomino retrouvez les v\u00eatements tendances du moment !<\/p>\n<\/div>\n<\/div>\n<div>\n<div id=\"alma-payment-plans\" data-settings=\"{&quot;hasExcludedProducts&quot;:false,&quot;merchantId&quot;:&quot;merchant_11xmKdz3BTSf3hq4Pwm6mdDrOhrPW6n3GO&quot;,&quot;apiMode&quot;:&quot;live&quot;,&quot;amount&quot;:39900,&quot;enabledPlans&quot;:[{&quot;installments_count&quot;:3,&quot;min_amount&quot;:25000,&quot;max_amount&quot;:200000,&quot;deferred_days&quot;:0,&quot;deferred_months&quot;:0}],&quot;amountQuerySelector&quot;:&quot;form.variations_form div.woocommerce-variation-price span.woocommerce-Price-amount bdi&quot;,&quot;amountSalePriceQuerySelector&quot;:&quot;form.variations_form div.woocommerce-variation-price ins span.woocommerce-Price-amount bdi&quot;,&quot;jqueryUpdateEvent&quot;:&quot;check_variations&quot;,&quot;firstRender&quot;:true,&quot;decimalSeparator&quot;:&quot;,&quot;,&quot;thousandSeparator&quot;:&quot;&quot;,&quot;locale&quot;:&quot;fr&quot;}\"><\/div>\n<\/div>\n","protected":false},"featured_media":263860,"comment_status":"open","ping_status":"closed","template":"","meta":{"_seopress_robots_primary_cat":"none","_seopress_titles_title":"","_seopress_titles_desc":"","_seopress_robots_index":"","_et_pb_use_builder":"","_et_pb_old_content":"","_et_gb_content_width":"","_uag_custom_page_level_css":""},"product_brand":[],"product_cat":[23,107,117],"product_tag":[134],"class_list":{"0":"post-263639","1":"product","2":"type-product","3":"status-publish","4":"has-post-thumbnail","6":"product_cat-last-chance","7":"product_cat-les-createurs","8":"product_cat-vanessa-bruno","9":"product_tag-vanessa-bruno","10":"pa_couleur-rose","11":"pa_taille-tu","13":"first","14":"instock","15":"sale","16":"taxable","17":"shipping-taxable","18":"purchasable","19":"product-type-variable","20":"has-default-attributes"},"yoast_head":"<!-- This site is optimized with the Yoast SEO plugin v27.4 - https:\/\/yoast.com\/product\/yoast-seo-wordpress\/ -->\n<title>Vanessa Bruno - Cabas M RAPHIA Rose Fluo - Boutique Palomino<\/title>\n<meta name=\"robots\" content=\"noindex, follow, max-snippet:-1, max-image-preview:large, max-video-preview:-1\" \/>\n<meta property=\"og:locale\" content=\"fr_FR\" \/>\n<meta property=\"og:type\" content=\"article\" \/>\n<meta property=\"og:title\" content=\"Vanessa Bruno - Cabas M RAPHIA Rose Fluo - Boutique Palomino\" \/>\n<meta property=\"og:description\" content=\"Vanessa Bruno - Cabas M RAPHIA Rose Fluo, cabas en raphia et paillette, port\u00e9 main   100% raphia  mati\u00e8re secondaire 70% polyester, 30% acrylique  Dimensions : 29 cm x 42 cm x 15 cm  Hauteur anses : 14 cm  Fabriqu\u00e9 \u00e0 Madagascar    Chez Palomino retrouvez les v\u00eatements tendances du moment !\" \/>\n<meta property=\"og:url\" content=\"https:\/\/dev.trust-softwares.com\/palomino\/produit\/vanessa-bruno-cabas-l-raphia-rose-fluo\/\" \/>\n<meta property=\"og:site_name\" content=\"Boutique Palomino\" \/>\n<meta property=\"article:modified_time\" content=\"2024-11-12T15:30:24+00:00\" \/>\n<meta property=\"og:image\" content=\"https:\/\/dev.trust-softwares.com\/palomino\/wp-content\/uploads\/2024\/02\/Vanessa-Bruno-Cabas-L-RAPHIA-Rose-F.jpg\" \/>\n\t<meta property=\"og:image:width\" content=\"1200\" \/>\n\t<meta property=\"og:image:height\" content=\"1767\" \/>\n\t<meta property=\"og:image:type\" content=\"image\/jpeg\" \/>\n<meta name=\"twitter:card\" content=\"summary_large_image\" \/>\n<meta name=\"twitter:label1\" content=\"Dur\u00e9e de lecture estim\u00e9e\" \/>\n\t<meta name=\"twitter:data1\" content=\"1 minute\" \/>\n<script type=\"application\/ld+json\" class=\"yoast-schema-graph\">{\"@context\":\"https:\\\/\\\/schema.org\",\"@graph\":[{\"@type\":\"WebPage\",\"@id\":\"https:\\\/\\\/dev.trust-softwares.com\\\/palomino\\\/produit\\\/vanessa-bruno-cabas-l-raphia-rose-fluo\\\/\",\"url\":\"https:\\\/\\\/dev.trust-softwares.com\\\/palomino\\\/produit\\\/vanessa-bruno-cabas-l-raphia-rose-fluo\\\/\",\"name\":\"Vanessa Bruno - Cabas M RAPHIA Rose Fluo - Boutique Palomino\",\"isPartOf\":{\"@id\":\"https:\\\/\\\/dev.trust-softwares.com\\\/palomino\\\/#website\"},\"primaryImageOfPage\":{\"@id\":\"https:\\\/\\\/dev.trust-softwares.com\\\/palomino\\\/produit\\\/vanessa-bruno-cabas-l-raphia-rose-fluo\\\/#primaryimage\"},\"image\":{\"@id\":\"https:\\\/\\\/dev.trust-softwares.com\\\/palomino\\\/produit\\\/vanessa-bruno-cabas-l-raphia-rose-fluo\\\/#primaryimage\"},\"thumbnailUrl\":\"https:\\\/\\\/dev.trust-softwares.com\\\/palomino\\\/wp-content\\\/uploads\\\/2024\\\/02\\\/Vanessa-Bruno-Cabas-L-RAPHIA-Rose-F.jpg\",\"datePublished\":\"2024-04-02T07:00:53+00:00\",\"dateModified\":\"2024-11-12T15:30:24+00:00\",\"breadcrumb\":{\"@id\":\"https:\\\/\\\/dev.trust-softwares.com\\\/palomino\\\/produit\\\/vanessa-bruno-cabas-l-raphia-rose-fluo\\\/#breadcrumb\"},\"inLanguage\":\"fr-FR\",\"potentialAction\":[{\"@type\":\"ReadAction\",\"target\":[\"https:\\\/\\\/dev.trust-softwares.com\\\/palomino\\\/produit\\\/vanessa-bruno-cabas-l-raphia-rose-fluo\\\/\"]}]},{\"@type\":\"ImageObject\",\"inLanguage\":\"fr-FR\",\"@id\":\"https:\\\/\\\/dev.trust-softwares.com\\\/palomino\\\/produit\\\/vanessa-bruno-cabas-l-raphia-rose-fluo\\\/#primaryimage\",\"url\":\"https:\\\/\\\/dev.trust-softwares.com\\\/palomino\\\/wp-content\\\/uploads\\\/2024\\\/02\\\/Vanessa-Bruno-Cabas-L-RAPHIA-Rose-F.jpg\",\"contentUrl\":\"https:\\\/\\\/dev.trust-softwares.com\\\/palomino\\\/wp-content\\\/uploads\\\/2024\\\/02\\\/Vanessa-Bruno-Cabas-L-RAPHIA-Rose-F.jpg\",\"width\":1200,\"height\":1767,\"caption\":\"vanessa bruno cabas l raphia rose fluo\"},{\"@type\":\"BreadcrumbList\",\"@id\":\"https:\\\/\\\/dev.trust-softwares.com\\\/palomino\\\/produit\\\/vanessa-bruno-cabas-l-raphia-rose-fluo\\\/#breadcrumb\",\"itemListElement\":[{\"@type\":\"ListItem\",\"position\":1,\"name\":\"LES PRODUITS\",\"item\":\"https:\\\/\\\/dev.trust-softwares.com\\\/palomino\\\/les-produits\\\/\"},{\"@type\":\"ListItem\",\"position\":2,\"name\":\"Vanessa Bruno &#8211; Cabas M RAPHIA Rose Fluo\"}]},{\"@type\":\"WebSite\",\"@id\":\"https:\\\/\\\/dev.trust-softwares.com\\\/palomino\\\/#website\",\"url\":\"https:\\\/\\\/dev.trust-softwares.com\\\/palomino\\\/\",\"name\":\"Boutique Palomino\",\"description\":\"V\u00eatements pour femme, chaussures et accessoires\",\"potentialAction\":[{\"@type\":\"SearchAction\",\"target\":{\"@type\":\"EntryPoint\",\"urlTemplate\":\"https:\\\/\\\/dev.trust-softwares.com\\\/palomino\\\/?s={search_term_string}\"},\"query-input\":{\"@type\":\"PropertyValueSpecification\",\"valueRequired\":true,\"valueName\":\"search_term_string\"}}],\"inLanguage\":\"fr-FR\"}]}<\/script>\n<!-- \/ Yoast SEO plugin. -->","yoast_head_json":{"title":"Vanessa Bruno - Cabas M RAPHIA Rose Fluo - Boutique Palomino","robots":{"index":"noindex","follow":"follow","max-snippet":"max-snippet:-1","max-image-preview":"max-image-preview:large","max-video-preview":"max-video-preview:-1"},"og_locale":"fr_FR","og_type":"article","og_title":"Vanessa Bruno - Cabas M RAPHIA Rose Fluo - Boutique Palomino","og_description":"Vanessa Bruno - Cabas M RAPHIA Rose Fluo, cabas en raphia et paillette, port\u00e9 main   100% raphia  mati\u00e8re secondaire 70% polyester, 30% acrylique  Dimensions : 29 cm x 42 cm x 15 cm  Hauteur anses : 14 cm  Fabriqu\u00e9 \u00e0 Madagascar    Chez Palomino retrouvez les v\u00eatements tendances du moment !","og_url":"https:\/\/dev.trust-softwares.com\/palomino\/produit\/vanessa-bruno-cabas-l-raphia-rose-fluo\/","og_site_name":"Boutique Palomino","article_modified_time":"2024-11-12T15:30:24+00:00","og_image":[{"width":1200,"height":1767,"url":"https:\/\/dev.trust-softwares.com\/palomino\/wp-content\/uploads\/2024\/02\/Vanessa-Bruno-Cabas-L-RAPHIA-Rose-F.jpg","type":"image\/jpeg"}],"twitter_card":"summary_large_image","twitter_misc":{"Dur\u00e9e de lecture estim\u00e9e":"1 minute"},"schema":{"@context":"https:\/\/schema.org","@graph":[{"@type":"WebPage","@id":"https:\/\/dev.trust-softwares.com\/palomino\/produit\/vanessa-bruno-cabas-l-raphia-rose-fluo\/","url":"https:\/\/dev.trust-softwares.com\/palomino\/produit\/vanessa-bruno-cabas-l-raphia-rose-fluo\/","name":"Vanessa Bruno - Cabas M RAPHIA Rose Fluo - Boutique Palomino","isPartOf":{"@id":"https:\/\/dev.trust-softwares.com\/palomino\/#website"},"primaryImageOfPage":{"@id":"https:\/\/dev.trust-softwares.com\/palomino\/produit\/vanessa-bruno-cabas-l-raphia-rose-fluo\/#primaryimage"},"image":{"@id":"https:\/\/dev.trust-softwares.com\/palomino\/produit\/vanessa-bruno-cabas-l-raphia-rose-fluo\/#primaryimage"},"thumbnailUrl":"https:\/\/dev.trust-softwares.com\/palomino\/wp-content\/uploads\/2024\/02\/Vanessa-Bruno-Cabas-L-RAPHIA-Rose-F.jpg","datePublished":"2024-04-02T07:00:53+00:00","dateModified":"2024-11-12T15:30:24+00:00","breadcrumb":{"@id":"https:\/\/dev.trust-softwares.com\/palomino\/produit\/vanessa-bruno-cabas-l-raphia-rose-fluo\/#breadcrumb"},"inLanguage":"fr-FR","potentialAction":[{"@type":"ReadAction","target":["https:\/\/dev.trust-softwares.com\/palomino\/produit\/vanessa-bruno-cabas-l-raphia-rose-fluo\/"]}]},{"@type":"ImageObject","inLanguage":"fr-FR","@id":"https:\/\/dev.trust-softwares.com\/palomino\/produit\/vanessa-bruno-cabas-l-raphia-rose-fluo\/#primaryimage","url":"https:\/\/dev.trust-softwares.com\/palomino\/wp-content\/uploads\/2024\/02\/Vanessa-Bruno-Cabas-L-RAPHIA-Rose-F.jpg","contentUrl":"https:\/\/dev.trust-softwares.com\/palomino\/wp-content\/uploads\/2024\/02\/Vanessa-Bruno-Cabas-L-RAPHIA-Rose-F.jpg","width":1200,"height":1767,"caption":"vanessa bruno cabas l raphia rose fluo"},{"@type":"BreadcrumbList","@id":"https:\/\/dev.trust-softwares.com\/palomino\/produit\/vanessa-bruno-cabas-l-raphia-rose-fluo\/#breadcrumb","itemListElement":[{"@type":"ListItem","position":1,"name":"LES PRODUITS","item":"https:\/\/dev.trust-softwares.com\/palomino\/les-produits\/"},{"@type":"ListItem","position":2,"name":"Vanessa Bruno &#8211; Cabas M RAPHIA Rose Fluo"}]},{"@type":"WebSite","@id":"https:\/\/dev.trust-softwares.com\/palomino\/#website","url":"https:\/\/dev.trust-softwares.com\/palomino\/","name":"Boutique Palomino","description":"V\u00eatements pour femme, chaussures et accessoires","potentialAction":[{"@type":"SearchAction","target":{"@type":"EntryPoint","urlTemplate":"https:\/\/dev.trust-softwares.com\/palomino\/?s={search_term_string}"},"query-input":{"@type":"PropertyValueSpecification","valueRequired":true,"valueName":"search_term_string"}}],"inLanguage":"fr-FR"}]}},"uagb_featured_image_src":{"full":["https:\/\/dev.trust-softwares.com\/palomino\/wp-content\/uploads\/2024\/02\/Vanessa-Bruno-Cabas-L-RAPHIA-Rose-F.jpg",1200,1767,false],"thumbnail":["https:\/\/dev.trust-softwares.com\/palomino\/wp-content\/uploads\/2024\/02\/Vanessa-Bruno-Cabas-L-RAPHIA-Rose-F.jpg",102,150,false],"medium":["https:\/\/dev.trust-softwares.com\/palomino\/wp-content\/uploads\/2024\/02\/Vanessa-Bruno-Cabas-L-RAPHIA-Rose-F.jpg",204,300,false],"medium_large":["https:\/\/dev.trust-softwares.com\/palomino\/wp-content\/uploads\/2024\/02\/Vanessa-Bruno-Cabas-L-RAPHIA-Rose-F.jpg",768,1131,false],"large":["https:\/\/dev.trust-softwares.com\/palomino\/wp-content\/uploads\/2024\/02\/Vanessa-Bruno-Cabas-L-RAPHIA-Rose-F.jpg",695,1024,false],"1536x1536":["https:\/\/dev.trust-softwares.com\/palomino\/wp-content\/uploads\/2024\/02\/Vanessa-Bruno-Cabas-L-RAPHIA-Rose-F.jpg",1043,1536,false],"2048x2048":["https:\/\/dev.trust-softwares.com\/palomino\/wp-content\/uploads\/2024\/02\/Vanessa-Bruno-Cabas-L-RAPHIA-Rose-F.jpg",1200,1767,false],"et-pb-post-main-image":["https:\/\/dev.trust-softwares.com\/palomino\/wp-content\/uploads\/2024\/02\/Vanessa-Bruno-Cabas-L-RAPHIA-Rose-F.jpg",170,250,false],"et-pb-post-main-image-fullwidth":["https:\/\/dev.trust-softwares.com\/palomino\/wp-content\/uploads\/2024\/02\/Vanessa-Bruno-Cabas-L-RAPHIA-Rose-F.jpg",458,675,false],"et-pb-portfolio-image":["https:\/\/dev.trust-softwares.com\/palomino\/wp-content\/uploads\/2024\/02\/Vanessa-Bruno-Cabas-L-RAPHIA-Rose-F.jpg",193,284,false],"et-pb-portfolio-module-image":["https:\/\/dev.trust-softwares.com\/palomino\/wp-content\/uploads\/2024\/02\/Vanessa-Bruno-Cabas-L-RAPHIA-Rose-F.jpg",259,382,false],"et-pb-portfolio-image-single":["https:\/\/dev.trust-softwares.com\/palomino\/wp-content\/uploads\/2024\/02\/Vanessa-Bruno-Cabas-L-RAPHIA-Rose-F.jpg",1080,1590,false],"et-pb-gallery-module-image-portrait":["https:\/\/dev.trust-softwares.com\/palomino\/wp-content\/uploads\/2024\/02\/Vanessa-Bruno-Cabas-L-RAPHIA-Rose-F.jpg",350,516,false],"et-pb-post-main-image-fullwidth-large":["https:\/\/dev.trust-softwares.com\/palomino\/wp-content\/uploads\/2024\/02\/Vanessa-Bruno-Cabas-L-RAPHIA-Rose-F.jpg",1200,1767,false],"menu-24x24":["https:\/\/dev.trust-softwares.com\/palomino\/wp-content\/uploads\/2024\/02\/Vanessa-Bruno-Cabas-L-RAPHIA-Rose-F.jpg",16,24,false],"menu-36x36":["https:\/\/dev.trust-softwares.com\/palomino\/wp-content\/uploads\/2024\/02\/Vanessa-Bruno-Cabas-L-RAPHIA-Rose-F.jpg",24,36,false],"menu-16x16":["https:\/\/dev.trust-softwares.com\/palomino\/wp-content\/uploads\/2024\/02\/Vanessa-Bruno-Cabas-L-RAPHIA-Rose-F.jpg",11,16,false],"woocommerce_thumbnail":["https:\/\/dev.trust-softwares.com\/palomino\/wp-content\/uploads\/2024\/02\/Vanessa-Bruno-Cabas-L-RAPHIA-Rose-F.jpg",1200,1767,false],"woocommerce_single":["https:\/\/dev.trust-softwares.com\/palomino\/wp-content\/uploads\/2024\/02\/Vanessa-Bruno-Cabas-L-RAPHIA-Rose-F.jpg",1200,1767,false],"woocommerce_gallery_thumbnail":["https:\/\/dev.trust-softwares.com\/palomino\/wp-content\/uploads\/2024\/02\/Vanessa-Bruno-Cabas-L-RAPHIA-Rose-F-100x100.jpg",100,100,true],"variation_swatches_image_size":["https:\/\/dev.trust-softwares.com\/palomino\/wp-content\/uploads\/2024\/02\/Vanessa-Bruno-Cabas-L-RAPHIA-Rose-F.jpg",34,50,false],"variation_swatches_tooltip_size":["https:\/\/dev.trust-softwares.com\/palomino\/wp-content\/uploads\/2024\/02\/Vanessa-Bruno-Cabas-L-RAPHIA-Rose-F.jpg",68,100,false],"dgwt-wcas-product-suggestion":["https:\/\/dev.trust-softwares.com\/palomino\/wp-content\/uploads\/2024\/02\/Vanessa-Bruno-Cabas-L-RAPHIA-Rose-F.jpg",64,94,false]},"uagb_author_info":{"display_name":"Gr\u00e9gory Siloret","author_link":"https:\/\/dev.trust-softwares.com\/palomino\/author\/"},"uagb_comment_info":0,"uagb_excerpt":"Vanessa Bruno - Cabas M RAPHIA Rose Fluo, cabas en raphia et paillette, port\u00e9 main 100% raphia mati\u00e8re secondaire 70% polyester, 30% acrylique Dimensions : 29 cm x 42 cm x 15 cm Hauteur anses : 14 cm Fabriqu\u00e9 \u00e0 Madagascar Chez Palomino retrouvez les v\u00eatements tendances du moment !","_links":{"self":[{"href":"https:\/\/dev.trust-softwares.com\/palomino\/wp-json\/wp\/v2\/product\/263639","targetHints":{"allow":["GET"]}}],"collection":[{"href":"https:\/\/dev.trust-softwares.com\/palomino\/wp-json\/wp\/v2\/product"}],"about":[{"href":"https:\/\/dev.trust-softwares.com\/palomino\/wp-json\/wp\/v2\/types\/product"}],"replies":[{"embeddable":true,"href":"https:\/\/dev.trust-softwares.com\/palomino\/wp-json\/wp\/v2\/comments?post=263639"}],"wp:featuredmedia":[{"embeddable":true,"href":"https:\/\/dev.trust-softwares.com\/palomino\/wp-json\/wp\/v2\/media\/263860"}],"wp:attachment":[{"href":"https:\/\/dev.trust-softwares.com\/palomino\/wp-json\/wp\/v2\/media?parent=263639"}],"wp:term":[{"taxonomy":"product_brand","embeddable":true,"href":"https:\/\/dev.trust-softwares.com\/palomino\/wp-json\/wp\/v2\/product_brand?post=263639"},{"taxonomy":"product_cat","embeddable":true,"href":"https:\/\/dev.trust-softwares.com\/palomino\/wp-json\/wp\/v2\/product_cat?post=263639"},{"taxonomy":"product_tag","embeddable":true,"href":"https:\/\/dev.trust-softwares.com\/palomino\/wp-json\/wp\/v2\/product_tag?post=263639"}],"curies":[{"name":"wp","href":"https:\/\/api.w.org\/{rel}","templated":true}]}}